{"id":22,"date":"2020-11-17T08:09:31","date_gmt":"2020-11-17T07:09:31","guid":{"rendered":"http:\/\/ffbozen.it\/de\/?page_id=22"},"modified":"2026-03-27T07:28:40","modified_gmt":"2026-03-27T06:28:40","slug":"chi-siamo","status":"publish","type":"page","link":"https:\/\/www.ffbozen.it\/it\/chi-siamo\/","title":{"rendered":"Chi siamo?"},"content":{"rendered":"<div class=\"brz-root__container brz-reset-all\">\n<section data-uid=\"aqetyjceexvpripmcoqfhaalniunswopbbjd\" id=\"aqetyjceexvpripmcoqfhaalniunswopbbjd\" class=\"brz-section brz-css-tdnmw\">\n<div class=\"brz-section__content brz-section--fullWidth brz-css-hbkjc brz-css-jiomu\" data-custom-id=\"fcdfmmqggvnfgfufqrsdcxrpdrhghcbwdmuw\">\n<div class=\"brz-container brz-css-mpvbn brz-css-faqts\">\n<div class=\"brz-css-cooza brz-css-ucztu brz-wrapper\">\n<div class=\"brz-rich-text brz-rich-text__custom brz-css-emxqw\" data-custom-id=\"jdhjpptctjtynzjnofvnqevoivvrkjikfvuc\">\n<div>\n<p class=\"brz-css-kmzgz\"><span>Chi siamo ?<\/span><\/p>\n<\/div>\n<\/div>\n<\/div>\n<div class=\"brz-row__container brz-css-toguu\" data-custom-id=\"zfgkvdvkgvatibnzucpszcpdpbmejrwbkefs\">\n<div class=\"brz-row brz-css-ciwhx\">\n<div class=\"brz-columns brz-css-kxwmo brz-css-qxpsa\" data-custom-id=\"mxdtwszmazyvudbqjkmlkthtmdepaawgdxqp\">\n<div class=\"brz-column__items brz-css-vjrun brz-css-xurjy\">\n<div class=\"brz-css-cooza brz-css-hhjrn brz-wrapper\">\n<div class=\"brz-image brz-css-ssoji\"><img class=\"brz-img\" src=\"https:\/\/www.ffbozen.it\/it\/wp-content\/uploads\/brizy\/imgs\/FFBozen_UeberUns_Geraetehaus-1900x477x0x0x1900x477x1611604956.jpeg\" alt=\"\" loading=\"lazy\" \/><\/div>\n<\/div>\n<\/div>\n<\/div>\n<\/div>\n<\/div>\n<div class=\"brz-row__container brz-css-toguu\" data-custom-id=\"vspqnqabtksxzvndktxxxscwxpcohtdghzju\">\n<div class=\"brz-row brz-css-ciwhx\">\n<div class=\"brz-columns brz-css-kxwmo\" data-custom-id=\"jxlaoouioqzksjfajyczbahdhfunjzckziah\">\n<div class=\"brz-column__items brz-css-vjrun brz-css-becct\">\n<div class=\"brz-css-cooza brz-css-uyodh brz-wrapper\">\n<div class=\"brz-rich-text brz-rich-text__custom brz-css-emxqw\" data-custom-id=\"guplzuesuugdrouacmorgnhuawrjxrjmmwzm\">\n<div>\n<p class=\"brz-css-kynmn\"><span class=\"brz-cp-color2\">Nella citt\u00e0 di Bolzano, oltre ai Vigili del Fuoco del Corpo Permanente, prestano servizio anche tre Corpi di Vigili del Fuoco Volontari, fra cui anche il Corpo Volontario di Bolzano, composto dal commando Bolzano, dal\u00a0distaccamento Colle\u00a0e dal <\/span><a href=\"\/it\/gruppo-giovani\/\" class=\"link--external\" data-brz-link-type=\"external\">gruppo giovanile<\/a><span class=\"brz-cp-color2\">.<\/span><\/p>\n<p class=\"brz-css-bdjyn\"><span class=\"brz-cp-color7\">La zona d\u2019intervento primaria si estende dal centro storico della Citt\u00e0 fino ai quartieri di Rencio, i Piani di Bolzano, la zona complessiva di Castel Novale del comune di Renon, nonch\u00e9 tutta la zona montanara del Colle.<\/span><\/p>\n<p class=\"brz-css-vffty\"><span class=\"brz-cp-color7\">Oltre alle zone appena citate, il personale del Corpo Volontario di Bolzano interviene comunque in caso di necessit\u00e0 in tutto il territorio del Comune di Bolzano, al fine di prestare immediato soccorso in situazioni di emergenza. <\/span><\/p>\n<p class=\"brz-css-cuvpm\"><span class=\"brz-cp-color7\">Le richieste d\u2019intervento variano dagli incendi, agli incidenti stradali, a piccoli interventi tecnici fino a interventi dovuti al maltempo e a calamita naturali, a beni\/sostanze pericolose, nonch\u00e9\u00a0servizi di prevenzione incendi.<\/span><\/p>\n<p class=\"brz-css-rkkmb\"><span class=\"brz-cp-color7\">Per garantire una preparazione professionale del personale di questo Corpo, i propri membri partecipano regolarmente alle prove e alle esercitazioni, sia teoretiche che pratiche. <\/span><\/p>\n<\/div>\n<\/div>\n<\/div>\n<\/div>\n<\/div>\n<div class=\"brz-columns brz-css-kxwmo brz-css-ehgny\" data-custom-id=\"vnxnxibbeqadozmoopvsewgajlucjqkveams\">\n<div class=\"brz-bg\">\n<div class=\"brz-bg-color\"><\/div>\n<\/div>\n<div class=\"brz-column__items brz-css-vjrun brz-css-kkgnw\">\n<div class=\"brz-css-cooza brz-css-pnikz brz-wrapper\">\n<div class=\"brz-rich-text brz-rich-text__custom brz-css-emxqw\" data-custom-id=\"yadctvtxzyxgdnzlbwslktkrucxgmvfjyrif\">\n<div>\n<p class=\"brz-css-xnlcb\"><strong>Consiglio:<\/strong><\/p>\n<\/div>\n<\/div>\n<\/div>\n<div class=\"brz-css-cooza brz-css-gmowq brz-wrapper\">\n<div class=\"brz-image brz-css-jsimm\"><img class=\"brz-img brz-img-svg\" src=\"https:\/\/www.ffbozen.it\/it\/wp-content\/uploads\/2021\/02\/Consiglio.svg\" alt=\"\" loading=\"lazy\" \/><\/div>\n<\/div>\n<\/div>\n<\/div>\n<\/div>\n<\/div>\n<\/div>\n<\/div>\n<\/section>\n<section data-uid=\"bjbpsyfhwojpmrwvbjzybkmovrdxeinmivjw\" id=\"bjbpsyfhwojpmrwvbjzybkmovrdxeinmivjw\" class=\"brz-section brz-css-tdnmw\">\n<div class=\"brz-section__content brz-section--fullWidth brz-css-hbkjc brz-css-ntonz\" data-custom-id=\"effmcdiypuypukudfqbpoqrlgzbwsowsaswy\">\n<div class=\"brz-container brz-css-mpvbn brz-css-giyjt\">\n<div class=\"brz-css-cooza brz-css-txfsf brz-wrapper\">\n<div class=\"brz-rich-text brz-rich-text__custom brz-css-emxqw\" data-custom-id=\"ktoydbhqrmfqkdcsfaaddprmwnimvkndkqpn\">\n<div>\n<p class=\"brz-css-puawo\"><span>Distaccamento Colle<\/span><\/p>\n<p class=\"brz-css-qeawd\"><span class=\"brz-cp-color7\">Il distaccamento Colle fa parte del Corpo dei Vigili del Fuoco Volontari di Bolzano ed \u00e8 situato nella localit\u00e0 di Colle a 1177 metri di dislivello. \u00c8\u00a0stato fondato nell\u2019anno 1977 a seguito della continua e ripetuta necessit\u00e0 d\u2019intervento nei pressi della piccola frazione e della difficolt\u00e0 a raggiungere con gradi automezzi i luoghi d\u2019intervento, dovuta sostanzialmente alle strade molto strette. Nel corso della storia il numero dei membri del distaccamento \u00e8 continuamente aumentato cos\u00ec come le varie attrezzature depositate presso la caserma. Oggi fanno parte del distaccamento Colle 11 vigili. La caserma \u00e8 stata ristrutturata ed ampliata negli anni 2007\/2008. Ad oggi offre posto per tre automezzi, diverse attrezzature, uffici e depositi.<\/span><\/p>\n<\/div>\n<\/div>\n<\/div>\n<\/div>\n<\/div>\n<\/section>\n<\/div>\n<p><!-- version:1774592920 --><\/p>\n","protected":false},"excerpt":{"rendered":"<p>Chi siamo ? Nella citt\u00e0 di Bolzano, oltre ai Vigili del Fuoco del Corpo Permanente, prestano servizio anche tre Corpi di Vigili del Fuoco Volontari, fra cui anche il Corpo Volontario di Bolzano, composto dal commando Bolzano, dal\u00a0distaccamento Colle\u00a0e dal gruppo giovanile. La zona d\u2019intervento primaria si estende dal centro storico della Citt\u00e0 fino ai&nbsp;&hellip;<\/p>\n","protected":false},"author":1,"featured_media":0,"parent":0,"menu_order":0,"comment_status":"closed","ping_status":"closed","template":"","meta":[],"_links":{"self":[{"href":"https:\/\/www.ffbozen.it\/it\/wp-json\/wp\/v2\/pages\/22"}],"collection":[{"href":"https:\/\/www.ffbozen.it\/it\/wp-json\/wp\/v2\/pages"}],"about":[{"href":"https:\/\/www.ffbozen.it\/it\/wp-json\/wp\/v2\/types\/page"}],"author":[{"embeddable":true,"href":"https:\/\/www.ffbozen.it\/it\/wp-json\/wp\/v2\/users\/1"}],"replies":[{"embeddable":true,"href":"https:\/\/www.ffbozen.it\/it\/wp-json\/wp\/v2\/comments?post=22"}],"version-history":[{"count":0,"href":"https:\/\/www.ffbozen.it\/it\/wp-json\/wp\/v2\/pages\/22\/revisions"}],"wp:attachment":[{"href":"https:\/\/www.ffbozen.it\/it\/wp-json\/wp\/v2\/media?parent=22"}],"curies":[{"name":"wp","href":"https:\/\/api.w.org\/{rel}","templated":true}]}}

<div class="brz-root__container brz-reset-all">
<section data-uid="aqetyjceexvpripmcoqfhaalniunswopbbjd" id="aqetyjceexvpripmcoqfhaalniunswopbbjd" class="brz-section brz-css-tdnmw">
<div class="brz-section__content brz-section--fullWidth brz-css-hbkjc brz-css-jiomu" data-custom-id="fcdfmmqggvnfgfufqrsdcxrpdrhghcbwdmuw">
<div class="brz-container brz-css-mpvbn brz-css-faqts">
<div class="brz-css-cooza brz-css-ucztu brz-wrapper">
<div class="brz-rich-text brz-rich-text__custom brz-css-emxqw" data-custom-id="jdhjpptctjtynzjnofvnqevoivvrkjikfvuc">
<div>
<p class="brz-css-kmzgz"><span>Chi siamo ?</span></p>
</div>
</div>
</div>
<div class="brz-row__container brz-css-toguu" data-custom-id="zfgkvdvkgvatibnzucpszcpdpbmejrwbkefs">
<div class="brz-row brz-css-ciwhx">
<div class="brz-columns brz-css-kxwmo brz-css-qxpsa" data-custom-id="mxdtwszmazyvudbqjkmlkthtmdepaawgdxqp">
<div class="brz-column__items brz-css-vjrun brz-css-xurjy">
<div class="brz-css-cooza brz-css-hhjrn brz-wrapper">
<div class="brz-image brz-css-ssoji"><img class="brz-img" src="https://www.ffbozen.it/it/wp-content/uploads/brizy/imgs/FFBozen_UeberUns_Geraetehaus-1900x477x0x0x1900x477x1611604956.jpeg" alt="" loading="lazy" /></div>
</div>
</div>
</div>
</div>
</div>
<div class="brz-row__container brz-css-toguu" data-custom-id="vspqnqabtksxzvndktxxxscwxpcohtdghzju">
<div class="brz-row brz-css-ciwhx">
<div class="brz-columns brz-css-kxwmo" data-custom-id="jxlaoouioqzksjfajyczbahdhfunjzckziah">
<div class="brz-column__items brz-css-vjrun brz-css-becct">
<div class="brz-css-cooza brz-css-uyodh brz-wrapper">
<div class="brz-rich-text brz-rich-text__custom brz-css-emxqw" data-custom-id="guplzuesuugdrouacmorgnhuawrjxrjmmwzm">
<div>
<p class="brz-css-kynmn"><span class="brz-cp-color2">Nella città di Bolzano, oltre ai Vigili del Fuoco del Corpo Permanente, prestano servizio anche tre Corpi di Vigili del Fuoco Volontari, fra cui anche il Corpo Volontario di Bolzano, composto dal commando Bolzano, dal distaccamento Colle e dal </span><a href="/it/gruppo-giovani/" class="link--external" data-brz-link-type="external">gruppo giovanile</a><span class="brz-cp-color2">.</span></p>
<p class="brz-css-bdjyn"><span class="brz-cp-color7">La zona d’intervento primaria si estende dal centro storico della Città fino ai quartieri di Rencio, i Piani di Bolzano, la zona complessiva di Castel Novale del comune di Renon, nonché tutta la zona montanara del Colle.</span></p>
<p class="brz-css-vffty"><span class="brz-cp-color7">Oltre alle zone appena citate, il personale del Corpo Volontario di Bolzano interviene comunque in caso di necessità in tutto il territorio del Comune di Bolzano, al fine di prestare immediato soccorso in situazioni di emergenza. </span></p>
<p class="brz-css-cuvpm"><span class="brz-cp-color7">Le richieste d’intervento variano dagli incendi, agli incidenti stradali, a piccoli interventi tecnici fino a interventi dovuti al maltempo e a calamita naturali, a beni/sostanze pericolose, nonché servizi di prevenzione incendi.</span></p>
<p class="brz-css-rkkmb"><span class="brz-cp-color7">Per garantire una preparazione professionale del personale di questo Corpo, i propri membri partecipano regolarmente alle prove e alle esercitazioni, sia teoretiche che pratiche. </span></p>
</div>
</div>
</div>
</div>
</div>
<div class="brz-columns brz-css-kxwmo brz-css-ehgny" data-custom-id="vnxnxibbeqadozmoopvsewgajlucjqkveams">
<div class="brz-bg">
<div class="brz-bg-color"></div>
</div>
<div class="brz-column__items brz-css-vjrun brz-css-kkgnw">
<div class="brz-css-cooza brz-css-pnikz brz-wrapper">
<div class="brz-rich-text brz-rich-text__custom brz-css-emxqw" data-custom-id="yadctvtxzyxgdnzlbwslktkrucxgmvfjyrif">
<div>
<p class="brz-css-xnlcb"><strong>Consiglio:</strong></p>
</div>
</div>
</div>
<div class="brz-css-cooza brz-css-gmowq brz-wrapper">
<div class="brz-image brz-css-jsimm"><img class="brz-img brz-img-svg" src="https://www.ffbozen.it/it/wp-content/uploads/2021/02/Consiglio.svg" alt="" loading="lazy" /></div>
</div>
</div>
</div>
</div>
</div>
</div>
</div>
</section>
<section data-uid="bjbpsyfhwojpmrwvbjzybkmovrdxeinmivjw" id="bjbpsyfhwojpmrwvbjzybkmovrdxeinmivjw" class="brz-section brz-css-tdnmw">
<div class="brz-section__content brz-section--fullWidth brz-css-hbkjc brz-css-ntonz" data-custom-id="effmcdiypuypukudfqbpoqrlgzbwsowsaswy">
<div class="brz-container brz-css-mpvbn brz-css-giyjt">
<div class="brz-css-cooza brz-css-txfsf brz-wrapper">
<div class="brz-rich-text brz-rich-text__custom brz-css-emxqw" data-custom-id="ktoydbhqrmfqkdcsfaaddprmwnimvkndkqpn">
<div>
<p class="brz-css-puawo"><span>Distaccamento Colle</span></p>
<p class="brz-css-qeawd"><span class="brz-cp-color7">Il distaccamento Colle fa parte del Corpo dei Vigili del Fuoco Volontari di Bolzano ed è situato nella località di Colle a 1177 metri di dislivello. È stato fondato nell’anno 1977 a seguito della continua e ripetuta necessità d’intervento nei pressi della piccola frazione e della difficoltà a raggiungere con gradi automezzi i luoghi d’intervento, dovuta sostanzialmente alle strade molto strette. Nel corso della storia il numero dei membri del distaccamento è continuamente aumentato così come le varie attrezzature depositate presso la caserma. Oggi fanno parte del distaccamento Colle 11 vigili. La caserma è stata ristrutturata ed ampliata negli anni 2007/2008. Ad oggi offre posto per tre automezzi, diverse attrezzature, uffici e depositi.</span></p>
</div>
</div>
</div>
</div>
</div>
</section>
</div>
<p><!-- version:1774592920 --></p>

<p>Chi siamo ? Nella città di Bolzano, oltre ai Vigili del Fuoco del Corpo Permanente, prestano servizio anche tre Corpi di Vigili del Fuoco Volontari, fra cui anche il Corpo Volontario di Bolzano, composto dal commando Bolzano, dal distaccamento Colle e dal gruppo giovanile. La zona d’intervento primaria si estende dal centro storico della Città fino ai&nbsp;&hellip;</p>
