{"id":19074,"date":"2018-09-21T20:04:00","date_gmt":"2018-09-21T18:04:00","guid":{"rendered":"https:\/\/ffbozen.it\/de\/einsatzberichte\/suchaktion-10\/"},"modified":"2018-09-21T20:04:00","modified_gmt":"2018-09-21T18:04:00","slug":"suchaktion-10","status":"publish","type":"einsatz","link":"https:\/\/www.ffbozen.it\/it\/einsatzberichte\/suchaktion-10\/","title":{"rendered":"Suchaktion"},"content":{"rendered":"<p>Seit Donnerstagabend wird die 59-j\u00e4hrige Moldawierin Tatiana Terna in Bozen und Umgebung gesucht. Die Frau soll sich von ihrer Wohnung in Bozen zu Fu\u00df entfernt haben. Sie wohnt in der Brennerstra\u00dfe, ist 1,68 Meter gro\u00df, kr\u00e4ftig gebaut und hat braune Augen. Terna spricht weder Deutsch noch Italienisch, sondern nur Moldawisch. Sie trug zuletzt kurze, dunkle Hosen, ein kurz\u00e4rmeliges, graues Leibchen mit Blumen als Motiv sowie braune Hausschuhe. Nach ihr suchen die Carabinieri, die Freiwillige Feuerwehr Bozen, die Bergrettungsdienste der Sektionen Bozen des AVS und CNSAS sowie Hundestaffeln des Feuerwehrbezirks Bozen. Im Ger\u00e4tehaus der Freiwilligen Feuerwehr Bozen wurde eine Koordinierungsstelle eingerichtet. Sachdienliche Hinweisen k\u00f6nnen direkt an die Carabinieri von Bozen gemeldet werden.<\/p>\n","protected":false},"author":12,"featured_media":0,"template":"","meta":{"einsatz_weight":1},"categories":[],"einsatzart":[94],"fahrzeug":[5,4,89],"exteinsatzmittel":[19,15,260,16,21],"alarmierungsart":[],"evw_unit":[],"_links":{"self":[{"href":"https:\/\/www.ffbozen.it\/it\/wp-json\/wp\/v2\/einsatz\/19074"}],"collection":[{"href":"https:\/\/www.ffbozen.it\/it\/wp-json\/wp\/v2\/einsatz"}],"about":[{"href":"https:\/\/www.ffbozen.it\/it\/wp-json\/wp\/v2\/types\/einsatz"}],"author":[{"embeddable":true,"href":"https:\/\/www.ffbozen.it\/it\/wp-json\/wp\/v2\/users\/12"}],"version-history":[{"count":0,"href":"https:\/\/www.ffbozen.it\/it\/wp-json\/wp\/v2\/einsatz\/19074\/revisions"}],"wp:attachment":[{"href":"https:\/\/www.ffbozen.it\/it\/wp-json\/wp\/v2\/media?parent=19074"}],"wp:term":[{"taxonomy":"category","embeddable":true,"href":"https:\/\/www.ffbozen.it\/it\/wp-json\/wp\/v2\/categories?post=19074"},{"taxonomy":"einsatzart","embeddable":true,"href":"https:\/\/www.ffbozen.it\/it\/wp-json\/wp\/v2\/einsatzart?post=19074"},{"taxonomy":"fahrzeug","embeddable":true,"href":"https:\/\/www.ffbozen.it\/it\/wp-json\/wp\/v2\/fahrzeug?post=19074"},{"taxonomy":"exteinsatzmittel","embeddable":true,"href":"https:\/\/www.ffbozen.it\/it\/wp-json\/wp\/v2\/exteinsatzmittel?post=19074"},{"taxonomy":"alarmierungsart","embeddable":true,"href":"https:\/\/www.ffbozen.it\/it\/wp-json\/wp\/v2\/alarmierungsart?post=19074"},{"taxonomy":"evw_unit","embeddable":true,"href":"https:\/\/www.ffbozen.it\/it\/wp-json\/wp\/v2\/evw_unit?post=19074"}],"curies":[{"name":"wp","href":"https:\/\/api.w.org\/{rel}","templated":true}]}}

<p>Seit Donnerstagabend wird die 59-jährige Moldawierin Tatiana Terna in Bozen und Umgebung gesucht. Die Frau soll sich von ihrer Wohnung in Bozen zu Fuß entfernt haben. Sie wohnt in der Brennerstraße, ist 1,68 Meter groß, kräftig gebaut und hat braune Augen. Terna spricht weder Deutsch noch Italienisch, sondern nur Moldawisch. Sie trug zuletzt kurze, dunkle Hosen, ein kurzärmeliges, graues Leibchen mit Blumen als Motiv sowie braune Hausschuhe. Nach ihr suchen die Carabinieri, die Freiwillige Feuerwehr Bozen, die Bergrettungsdienste der Sektionen Bozen des AVS und CNSAS sowie Hundestaffeln des Feuerwehrbezirks Bozen. Im Gerätehaus der Freiwilligen Feuerwehr Bozen wurde eine Koordinierungsstelle eingerichtet. Sachdienliche Hinweisen können direkt an die Carabinieri von Bozen gemeldet werden.</p>
